 3. Let m = 14 + w. Suppose 3*t - 31 = d, -7 - m = -4*t - 5*d. What are the prime factors of t?
3
Let m(l) = l**3 - 5*l**2 + 6. What are the prime factors of m(5)?
2, 3
Let j(s) = -s + 12. Let p be j(6). Let y = 26 + p. List the prime factors of y.
2
Let z = -4 - -3. Suppose -5*q + 4 = p + 18, q + 4*p = -18. What are the prime factors of 1/(z/(-5)) - q?
7
What are the prime factors of ((-4)/(-6))/1 + (-1638)/(-54)?
31
Suppose -6*t = -t - 240. What are the prime factors of t?
2, 3
Let y(a) = -a**3 - 7*a**2 + 4*a + 8. Let w(r) = -r**3 - 7*r**2 + 5*r + 8. Let g(k) = 3*w(k) - 4*y(k). What are the prime factors of g(-6)?
2, 17
Let o = 59 + -36. What are the prime factors of o?
23
Suppose 60 = 9*c - 210. List the prime factors of c.
2, 3, 5
Let s(n) = n. Let f(t) = t - 1. Let x(d) = 5*f(d) - 6*s(d). Let p be x(5). Let g(w) = -w**3 - 10*w**2 - w - 6. What are the prime factors of g(p)?
2
Suppose 0 = -0*u - 3*u + 12. Suppose -30 = -4*y + 5*c + 87, -115 = -u*y + 3*c. List the prime factors of y.
2, 7
Let u = 8 + -3. Let p = u - 21. What are the prime factors of (p/6 + 2)*-24?
2
Let r(o) = o - 1. Let y(t) = 2*t + 4. Let x be y(3). What are the prime factors of r(x)?
3
Let q(r) = -30*r**3 - r**2 + 1. List the prime factors of q(-1).
2, 3, 5
Let k = 10 + 35. Let r = k - 27. What are the prime factors of r?
2, 3
List the prime factors of 6/(96/3988) + (-1)/4.
3, 83
Let l(x) = -x**3 - 12*x**2 - 4*x + 1. What are the prime factors of l(-12)?
7
Let d(v) = -1 - 5*v**2 - v**3 - 9*v + 0*v + 3*v. Let a be d(-5). Suppose 15 = 4*l - a. List the prime factors of l.
11
Let d = -17 + 44. What are the prime factors of d?
3
Suppose -4*y - y = -205. Suppose -16 = -2*k - 2*l - 0*l, -l + y = 4*k. What are the prime factors of k?
11
Let s(a) = a**2. Let b be s(0). Suppose b = 2*p - p. Suppose p = 4*t - 28 - 0. List the prime factors of t.
7
Suppose 13*d - 46 = 435. What are the prime factors of d?
37
Let q(v) = v + 1. Let m be (0 - 1 - 1) + 0. Let o be (1/2)/(m/(-8)). What are the prime factors of q(o)?
3
Suppose -3*l - 7 = 5*k, -2*l + 3*k = l - 33. Let t = -18 + l. What are the prime factors of 8/t + (-34)/(-6)?
5
Let c(n) = -n**2 - 7*n + 16. Let g be c(-13). Let t = g + 88. What are the prime factors of t?
2, 13
Let g(l) = l**2 - 10*l - 5. Let v(d) = -d. Let z(x) = g(x) - 3*v(x). What are the prime factors of z(8)?
3
Suppose -2*u + 65 = -55. List the prime factors of u.
2, 3, 5
Suppose -3 = 3*p - 2*a + 5, -2*p = -5*a + 20. Let o = 39 + -6. Suppose p = -c - c - 5*d + o, -30 = -5*c + 5*d. List the prime factors of c.
3
Suppose -2*c - 6 = 0, c - 10 = -4*m - c. Let v(t) = 2*t**2 - 2*t - 5. List the prime factors of v(m).
19
Let c be (-507)/(-9) + 1/(-3). Suppose 2*w - v + 3*v - 26 = 0, -4*v - c = -5*w. What are the prime factors of w?
2, 3
Let k(z) = z**3 + 7*z**2 - 3*z**2 - 2 + 0*z**3 - z + 3. List the prime factors of k(-3).
13
Let d be 2/8 - (-910)/40. Let w = d + -13. List the prime factors of w.
2, 5
Let s(p) = p**3 + 2*p**2 + 3*p - 3. Let x be s(2). What are the prime factors of x - (0 + 1 - -2)?
2
Suppose -20 = -4*h, 5*w + 2*h - 57 = 73. What are the prime factors of w?
2, 3
Let i = -11 + 15. Let c = -1 + 17. Suppose i*u - 88 + c = 0. What are the prime factors of u?
2, 3
Suppose 84 = -4*j + 3*q, q + 108 = -4*j - 2*q. Let r be 3/6 + 35/(-2). Let c = r - j. What are the prime factors of c?
7
Let d be (-15)/2 + 4/8. Let i be 2/d - 30/(-7). Suppose 0 = 5*r - i*n + 2, 0 = 3*r - 0*r - 5*n + 9. What are the prime factors of r?
2
List the prime factors of -2 - (0/2 + -12).
2, 5
Let q(b) = 4*b**3 + b. Let g be q(1). Suppose -3*x - 15 = 0, 4*x = -0*p + g*p - 155. List the prime factors of p.
3
Suppose 2*b - 22 = -4*r + 50, -b = 3*r - 33. Suppose -148 = -5*a + b. List the prime factors of a.
2, 19
Suppose -4*a = -5*o - 166 + 713, 329 = 3*o - 2*a. What are the prime factors of o?
3, 37
Let l = -17 + 20. Suppose l*n = -3*d + 42, -2*n = -d - 3*d - 4. What are the prime factors of n?
2, 5
Let h(t) = 13*t - 34. List the prime factors of h(8).
2, 5, 7
Let h = -2 + 0. Let i = h - -7. Suppose 0 = -i*a + w + 52, 3*a - 8 = -5*w + 12. What are the prime factors of a?
2, 5
What are the prime factors of (-38 + -1)*(-2)/6?
13
Suppose 0 = -3*m + 3*q + 492, -m + 3*m = 5*q + 316. List the prime factors of m.
2, 3, 7
Suppose 3*f + 1 + 3 = 5*h, f = h. Suppose -f*y + 8 = -6. List the prime factors of y.
7
Let m(p) = 19*p - p**3 - 8*p - 5*p**2 - 5*p + 6. What are the prime factors of m(-6)?
2, 3
Suppose 3*n = 2*y + 13, -2*y - 12 = -n - 5. Suppose -5*l = n*f - 238, -l + 5 = -2*f - 40. List the prime factors of l.
47
Suppose 0 = 5*o - 92 - 98. What are the prime factors of o?
2, 19
Suppose 5*o - 10 = -0. Suppose 0 = 5*x + 20, 7*r - 5*x = o*r + 130. What are the prime factors of r?
2, 11
Let d(w) be the second derivative of w**4/12 - 2*w**2 + 2*w. Let f be d(-3). Suppose -2*q + a = -13, 3 = -f*q - 5*a - 2. What are the prime factors of q?
2
Suppose -3*m + 3*v + 3 = 0, 0 = 4*v - 1 - 3. Suppose 5*o - 4*c = 45 + 62, m*o - 4*c = 50. Suppose -k + 4*k - o = y, -y + 5 = 0. What are the prime factors of k?
2
Let z = 92 + -65. List the prime factors of z.
3
Let r = 5 - 14. Let p = r - -5. Let u(c) = c**2 + 4*c + 3. List the prime factors of u(p).
3
Let n(u) = -u**3 + 8*u**2 + 12*u + 5. List the prime factors of n(9).
2
Suppose 4*m + 5 + 0 = -5*v, m - 4 = -3*v. Let x = -3 + 4. What are the prime factors of v - x/((-2)/(-2))?
2
Let g(h) = -h**2 + 13*h - 1. List the prime factors of g(11).
3, 7
Let w be 3/(3/(-2)) - -8. Let i be 114/4 + w/4. List the prime factors of 4/6*i/4.
5
Let w(a) = a + 14. What are the prime factors of w(-7)?
7
Let y(a) be the first derivative of a**3/3 + a**2 - 5*a - 2. Let s be ((-9)/2)/((-3)/(-4)). List the prime factors of y(s).
19
Suppose -6*g = -11*g - 25. What are the prime factors of (-182)/g - (-8)/(-20)?
2, 3
Suppose -13*m + 12*m + 217 = 0. List the prime factors of m.
7, 31
Let d(h) be the second derivative of -h**4/6 - 2*h**3/3 - 3*h**2/2 - 3*h. Let u(z) be the first derivative of d(z). What are the prime factors of u(-4)?
2, 3
Suppose j - 11 = 2*j. Let f = 21 - 4. Let r = f + j. What are the prime factors of r?
2, 3
Let y be (4/(-10))/(8/40). Let m(i) = 13*i**2 - 2. List the prime factors of m(y).
2, 5
Let y(q) = 4*q - 2. Let k be 6/(-2) - (-2)/2. Let b be y(k). List the prime factors of 6/b*(-5)/1.
3
Let z(h) = -13*h - 5. List the prime factors of z(-4).
47
Suppose 3*k + 445 = 8*k. List the prime factors of k.
89
Let f be -40*2/((-24)/9). Let d = 47 - f. What are the prime factors of d?
17
Let t be 10/(-3)*6/(-4). Suppose -2*k + 4*f = -1 + t, 4*k + 12 = 4*f. What are the prime factors of ((-2)/4)/(1/k)?
2
Let l = 4 + 0. Let n = l + 2. Suppose -3*p = 4*s - n - 4, -p + 20 = -2*s. What are the prime factors of p?
2, 5
Let d be 1/4 + (-38)/(-8). Suppose -d*w + 2*w + 75 = 0. List the prime factors of w.
5
Let k = 29 - -1. Let n = k - 45. Let t = -8 - n. List the prime factors of t.
7
Suppose -l = 3, -y + 0*y - 5*l = -26. List the prime factors of y.
41
Let n(c) = -c**3 - 7*c**2 + 7*c - 4. Let p be n(-8). Let v = 0 - p. List the prime factors of (-5)/2*v + -2.
2
List the prime factors of 960/75*(-5)/(-2).
2
Suppose -h = -6*h + 20. Suppose g = -g + h. List the prime factors of g.
2
Let w(r) = r**3 - 3*r**2 + 3*r - 1. Let d be w(2). Suppose 0 = -5*b + 11 - d. Suppose 0 = -b*h + 6. List the prime factors of h.
3
Let h(w) = w**2 - 18*w + 63. What are the prime factors of h(16)?
31
Let j be (-10)/(-1 + (-3)/3). Let f(g) = 6*g + g**3 + 4*g**2 - 4*g + j - 1. List the prime factors of f(-3).
7
Suppose -3*d + 102 = 3*k, 0*d - 2*d - 4*k = -72. What are the prime factors of d?
2
Let p(a) = -a**3 + 3*a**2 + 7*a - 7. Let j be p(5). Let h = j - -43. List the prime factors of h.
3, 7
Let c = 5 + -5. Suppose -5*x = -5, c*x = 3*q - 4*x - 20. What are the prime factors of q?
2
Let p(f) = -1 + 1 - 2 - f. Let u be 3*1/((-3)/4). List the prime factors of p(u).
2
Suppose -66 = -0*t - t. Suppose -2*b = b - t. List the prime factors of b.
2, 11
Suppose 3*s - 4*b = 433, -2*s = b - 116 - 158. What are the prime factors of s?
139
Suppose 0*g - 9 = -3*g. Let a be 0/((5 + 1)/g). Suppose a = 3*n - 4*n + 8. What are the prime factors of n?
2
Suppose 0 = 45*t - 49*t + 672. List the prime factors of t.
2, 3, 7